(-24))/((-3)/4). Let j = c + -41. What is the highest common divisor of 160 and j?
20
Let b be (-2)/(-2)*3 + 53. Let a(k) = 0*k**2 + 3*k**2 - k**2. Let o be a(-2). Calculate the greatest common factor of o and b.
8
Let y = -548 - -794. Suppose -4*m + y = -118. Calculate the highest common divisor of m and 13.
13
Suppose -2*m + 72 = 5*d + m, -3*m = -2*d + 12. Suppose 3*y = -d, -5*z - 6*y + 22 = -4*y. What is the greatest common factor of z and 48?
6
Suppose 5*v - 33 + 3 = 0. Let k be 15*3/45*v. Let x = k - -1. Calculate the highest common factor of x and 7.
7
Let m(y) = 6*y**2 + 46*y - 132. Let a be m(-11). Suppose -r + 0*r + 11 = 0. Calculate the greatest common factor of a and r.
11
Let j(a) = 34*a - 185. Let d be j(6). What is the highest common divisor of 57 and d?
19
Let c(n) = 40*n - 5. Let d be c(1). Let f = 41 - d. Let j = -8 + 12. Calculate the greatest common divisor of f and j.
2
Suppose 3*q = 5*l - 136, -4*q - 7 = 1. Calculate the greatest common factor of 754 and l.
26
Let i(a) = -10*a**3 + 2*a + 1. Let o be i(-3). Suppose -3*m + 105 = p, -m - 4*m - o = -2*p. Let v = 44 + -29. Calculate the highest common divisor of p and v.
15
Suppose -3*a + 4*c + 228 = 0, 4*a + 7*c = 2*c + 304. Calculate the greatest common factor of a and 266.
38
Let d = 185 + 361. What is the highest common divisor of d and 42?
42
Suppose 4*u - 7*u = -198. Suppose -u = -2*p - 3*p - 4*a, 0 = 3*a - 12. What is the greatest common factor of 80 and p?
10
Let s = -69 - -4. Let w = s + 75. Calculate the greatest common divisor of 70 and w.
10
Let p = 575 - 551. What is the greatest common factor of 44 and p?
4
Let d(u) = -3*u - 2. Let j be d(5). Let v = -7 + 6. Let b = v - j. Calculate the highest common divisor of b and 2.
2
Suppose -16 = -3*d + l, -4*l - 99 = -14*d - 23. Suppose -2 + 26 = 4*k. What is the greatest common factor of d and k?
6
Suppose 2*b - 44 - 66 = 0. Suppose 31 = k - 2. What is the highest common factor of k and b?
11
Let y be (-4)/(-7) + 177/21. Calculate the greatest common divisor of 48 and y.
3
Suppose 0 = 8*p + 2*p - 120. Suppose 0 = -5*g + 2133 - 688. Suppose -5*v + 113 = -3*l + 406, 3*l = v + g. What is the highest common factor of p and l?
12
Let j(r) = 3*r**2 + 2*r + 19. Let a be j(7). Suppose -3*x = -0*x - a. What is the highest common divisor of 150 and x?
30
Let v(r) = r**3 - 23*r**2 - 77*r - 2. Let y be v(26). Calculate the highest common factor of y and 1404.
12
Suppose q = -2*q + 63. Calculate the greatest common factor of 21 and q.
21
Suppose 21*w = 28*w - 1246. What is the highest common factor of w and 6?
2
Suppose 4*j + 3*z - 16 = 0, 0*z = -4*j + 4*z + 16. Suppose 0*u = j*u - 132. Calculate the greatest common factor of u and 99.
33
Suppose -9*j + 134 = 26. Suppose 6*l + 61 = 349. What is the highest common factor of j and l?
12
Suppose 10 = -2*x, -4*x + 77 = -4*d - 63. Let j be d/12*(-3)/2. Suppose 2*c + 3*c - 60 = -j*v, -12 = -c + 3*v. Calculate the greatest common factor of 12 and c.
12
Let m(k) = 28*k + 99. Let o be m(0). What is the greatest common divisor of o and 231?
33
Suppose -2*t - 16 = -2*c, 4*t - 21 + 1 = 0. What is the highest common factor of c and 247?
13
Let t be (-3)/((-3)/(-2)) + 18. Let d = 34 - 32. Suppose -d*z + 3*l + 92 = -83, 0 = 3*l + 15. What is the highest common divisor of t and z?
16
Let i be (1 - 0)/(3/120). Let p be ((-8)/(-28) - i/42)*-75. Calculate the highest common divisor of p and 5.
5
Suppose 5*n - 176 = 4*n. Let j(q) = q**3 - 7*q**2 + 11*q - 14. Let k = -31 - -37. Let o be j(k). Calculate the greatest common factor of n and o.
16
Let c = -118 + 126. Suppose q + 2 = d + 44, -c = -4*d. Calculate the highest common divisor of q and 132.
44
Suppose 4*m - m + 24 = 0. Let r be m/(-2) - 2/1. What is the highest common divisor of r and 10?
2
Let u = -18 + 82. Suppose -5*v - 14 + u = 0. Let p(m) = -14*m - 3. Let j be p(-2). Calculate the highest common factor of v and j.
5
Let f(h) = -h**2 - 23*h - 24. Let q be f(-21). Let d(k) = 40*k + 2. Let j be d(4). What is the greatest common factor of q and j?
18
Let q be (-2)/(-5) - (-32)/20. Let o be (-2 + (-585)/q)*-2. Suppose -4*g + o = 197. What is the greatest common factor of g and 14?
14
Let c be (56/3)/4 + 20/(-30). Suppose -c*y - 3*y = -896. What is the greatest common factor of 32 and y?
32
Let g = -2 + 0. Let z = 3 + g. Let x be 2/(-2) + 5 - 1. What is the highest common divisor of x and z?
1
Let q = 0 - -1. Suppose -63 - q = -4*h. Let g = 584 + -424. Calculate the greatest common factor of g and h.
16
Suppose -2*i = -6, 0*i = 2*m + 3*i - 35. Let w = 505 + -500. Suppose w*f = 37 + m. What is the greatest common factor of 70 and f?
10
Let f be 1/(((-4)/(12/3))/(-3)). Suppose -3*p = f*u - 54, 9*p = 4*p + 2*u + 62. Let b = 27 + -6. What is the highest common factor of b and p?
7
Let s be (-642)/22 + (-10)/(-55). Let g = -20 - s. Suppose -2*y + 42 = -5*i + 2*i, y - 3*i - 15 = 0. Calculate the greatest common factor of y and g.
9
Suppose 0 = -4*s + 5*c + 54 + 7, 0 = 4*c + 20. Suppose t = -t + 24. Let k = t + -3. What is the highest common divisor of s and k?
9
Suppose -m + 4 = r - 0*m, 0 = 4*r - 2*m + 2. Let i = r + 35. Calculate the greatest common factor of 54 and i.
18
Suppose -p - 5*d + 9*d = -1867, 5*p - 3*d - 9318 = 0. What is the highest common factor of p and 81?
81
Suppose -j = 3*y - 2*y - 111, -219 = -2*y + j. Let i be (11/(y/4))/((-2)/(-70)). Calculate the greatest common factor of 14 and i.
14
Let z = -20 - -51. Let j = z - 23. Suppose 0 = -j*l + 73 + 39. What is the greatest common factor of 42 and l?
14
Let w(l) = -4*l + 98. Let r be w(8). Calculate the greatest common factor of 12 and r.
6
Let r be 2/(-8 - (-10806)/1350). What is the highest common divisor of 18 and r?
18
Suppose -38 + 12 = -2*x + 4*s, 5*x - 79 = -4*s. Suppose 0 = -u + 18 + 12. What is the greatest common divisor of x and u?
15
Let z be 1/(2 + (-1041)/522). Suppose -13*m + 463 = -z. Calculate the highest common factor of 7 and m.
7
Let s be (-70)/(-12)*28/49*3. What is the greatest common factor of s and 6?
2
Suppose r - 2*x = 0, 25 + 11 = 4*r + 4*x. Suppose 9*i = r*i + 855. What is the greatest common factor of i and 15?
15
Suppose -6*f + 12 = -0. Let a be f + -1 - (-22)/1. Calculate the highest common divisor of a and 184.
23
Suppose 126 + 18 = 8*i. Let u(w) = -w**3 + 18*w**2 - 44*w - 9. Let t be u(15). What is the highest common divisor of i and t?
6
Suppose -6*f - 211 = -1075. What is the highest common factor of 16 and f?
16
Let v(w) = 14*w - 33. Let r be v(6). Let x = 53 - r. What is the greatest common divisor of 6 and x?
2
Let k(c) = -3*c + 54. Let n be k(-13). Suppose n - 96 = -d. What is the highest common factor of d and 15?
3
Suppose -6*s + 55 = -11*s. Let j be (-2)/s - 9698/(-143). What is the highest common divisor of j and 17?
17
Let g = -122 - -56. Let r = g + 94. Let s(f) = -2*f**3 - 5*f**2 + 3*f + 6. Let d be s(-4). What is the highest common factor of d and r?
14
Suppose -r - 4*r = -25. Suppose -r*w + 15 = -0*w. Let u be 2/1*(-99)/(-6). What is the highest common divisor of u and w?
3
Let n be 5*1 - (-8 - -156)/(-2). What is the greatest common factor of 316 and n?
79
Let y be 432/(-7)*(-30912)/828. Calculate the highest common divisor of y and 9.
9
Let i be (-26)/(-1) - 8/(-4). Suppose 32*s - 4 = 31*s. What is the greatest common factor of s and i?
4
Suppose l = w - 0*l - 5, 2*w + 4*l = -8. Suppose 0 = -8*p + w*p + 204. Calculate the greatest common factor of 238 and p.
34
Suppose 10*w - 548 = 5*w - r, 0 = -w + 5*r + 94. Calculate the greatest common divisor of 545 and w.
109
Let a(k) = k**2 - 13*k - 40. Let n be a(17). Suppose 0 = 8*m - n - 4. Calculate the greatest common divisor of 28 and m.
4
Let q be ((-9)/(-2))/(7/(-14)). Let u(w) = -w + 4. Let m be u(q). What is the greatest common divisor of 143 and m?
13
Let q(v) = v**2 - 2*v - 7. Suppose -2*u + 12 = -5*u. Let o be q(u). Calculate the highest common divisor of o and 17.
17
Suppose 11*j = 15*j + 28. Let m be 3/j - 236/(-28). Suppose -a + 2 + 6 = 0. Calculate the greatest common divisor of a and m.
8
Suppose -11 = -f - j, 4 = -j - 3*j. Suppose -l + f = 10. Let q(c) = 3*c**2 + 5*c + 2. Let o be q(-3). Calculate the greatest common factor of o and l.
2
Suppose -2*x - 3*x = 2*h - 550, 0 = -x +